{"id":2000,"date":"2022-10-05T14:22:24","date_gmt":"2022-10-05T12:22:24","guid":{"rendered":"http:\/\/nowy.windypetelski.pl\/?page_id=2000"},"modified":"2024-02-19T12:29:29","modified_gmt":"2024-02-19T11:29:29","slug":"rodo","status":"publish","type":"page","link":"https:\/\/windypetelski.pl\/index.php\/rodo\/","title":{"rendered":"RODO"},"content":{"rendered":"<div class=\"brz-root__container brz-reset-all\">\n<section data-uid=\"qnnwgfhfghfqvhkmvhbxxirljqapjsuuqztm\" id=\"qnnwgfhfghfqvhkmvhbxxirljqapjsuuqztm\" class=\"brz-section brz-css-kemxa\">\n<div class=\"brz-section__content brz-section--boxed brz-css-wgrut brz-css-jhitw\" data-custom-id=\"xdwynmvieadnooickbmcowknfhfgewcrsqwa\">\n<div class=\"brz-bg overflow-hidden absolute top-0 left-0 w-full h-full\">\n<div class=\"brz-bg-image absolute top-0 left-0 w-full h-full bg-no-repeat bg-cover\"><\/div>\n<div class=\"brz-bg-color absolute top-0 left-0 w-full h-full\"><\/div>\n<\/div>\n<div class=\"brz-container brz-css-rdbpc\">\n<div class=\"brz-row__container brz-css-lkrcc\" data-custom-id=\"ekprgzlbywllernnrcqzvsmbcblipwyljcek\">\n<div class=\"brz-bg overflow-hidden absolute top-0 left-0 w-full h-full\"><\/div>\n<div class=\"brz-row brz-css-wnueu brz-css-fmswh\">\n<div class=\"brz-columns brz-css-vrocr brz-css-oqtcz\" data-custom-id=\"tabvcrcqusamjfsphfbohxcjuaepedguafja\">\n<div class=\"brz-bg overflow-hidden absolute top-0 left-0 w-full h-full\"><\/div>\n<div class=\"brz-column__items brz-css-luuio brz-css-ulpzz\">\n<div class=\"brz-css-isoda brz-wrapper\">\n<div class=\"brz-rich-text brz-rich-text__custom brz-css-faxaz\" data-custom-id=\"qovrhejawmonredoxwggrdzhhgoyvwoqzzjr\">\n<div>\n<p class=\"brz-css-xirxa\" data-uniq-id=\"abafj\" data-generated-css=\"brz-css-gklyu\"><span class=\"brz-cp-color8\">RODO<\/span><\/p>\n<\/div>\n<\/div>\n<\/div>\n<div class=\"brz-css-isoda brz-wrapper\">\n<div class=\"brz-rich-text brz-rich-text__custom brz-css-faxaz\" data-custom-id=\"junhsorkawxpzfbgrrxzhbssvcjjxuutjyfd\">\n<div>\n<p class=\"brz-css-wxgik\" data-generated-css=\"brz-css-rgbum\" data-uniq-id=\"divyr\"><span class=\"brz-cp-color8\">Rozporz\u0105dzenie Og\u00f3lne o Ochronie Danych Osobowych<\/span><\/p>\n<\/div>\n<\/div>\n<\/div>\n<\/div>\n<\/div>\n<div class=\"brz-columns brz-css-vrocr brz-css-kkokn\" data-custom-id=\"kiuozubzwgtcvrfwmhlwulcjcuikwhabyxsg\">\n<div class=\"brz-bg overflow-hidden absolute top-0 left-0 w-full h-full\"><\/div>\n<div class=\"brz-column__items brz-css-luuio\">\n<div class=\"brz-css-isoda brz-css-lztee brz-wrapper\">\n<div class=\"brz-spacer brz-css-kuwkq brz-css-cvmkp\"><\/div>\n<\/div>\n<\/div>\n<\/div>\n<\/div>\n<\/div>\n<\/div>\n<\/div>\n<\/section>\n<section data-uid=\"wnpkndpjnrbyqgcxfdwmfaahxwafzfcaoydw\" id=\"wnpkndpjnrbyqgcxfdwmfaahxwafzfcaoydw\" class=\"brz-section brz-css-kemxa\">\n<div class=\"brz-section__content brz-section--boxed brz-css-wgrut brz-css-trrcd\" data-custom-id=\"znliaytilnsfwacagjifioamzmzsomfwwldm\">\n<div class=\"brz-container brz-css-rdbpc\">\n<div class=\"brz-row__container brz-css-lkrcc\" data-custom-id=\"dtgjcnjscloayafmvmamvukdkilyqvzlthgy\">\n<div class=\"brz-bg overflow-hidden absolute top-0 left-0 w-full h-full\"><\/div>\n<div class=\"brz-row brz-css-wnueu\">\n<div class=\"brz-columns brz-css-vrocr brz-css-ipxox\" data-custom-id=\"grdnhgymshpyjkwmfyeqsiklzixntbifungm\">\n<div class=\"brz-bg overflow-hidden absolute top-0 left-0 w-full h-full\"><\/div>\n<div class=\"brz-column__items brz-css-luuio\">\n<div class=\"brz-css-isoda brz-wrapper\">\n<div class=\"brz-rich-text brz-rich-text__custom brz-css-faxaz\" data-custom-id=\"mjwuhoeublnpbfccxpuvvioefwbwcswmndwn\">\n<div>\n<h2 class=\"brz-css-vhpmp\" data-generated-css=\"brz-css-iralb\" data-uniq-id=\"fzpsk\"><span class=\"brz-cp-color2\">Rodo<\/span><\/h2>\n<\/div>\n<\/div>\n<\/div>\n<div class=\"brz-css-isoda brz-css-hsvxf brz-wrapper\">\n<div class=\"brz-rich-text brz-rich-text__custom brz-css-faxaz\" data-custom-id=\"pvtybnbqribjugwhecohqmopiwqbpqaqovwe\">\n<div>\n<p class=\"brz-css-icotp\" data-uniq-id=\"oxqip\" data-generated-css=\"brz-css-nhlmz\"><em class=\"brz-cp-color7\">Rozporz\u0105dzenie Og\u00f3lne o Ochronie Danych Osobowych<\/em><\/p>\n<\/div>\n<\/div>\n<\/div>\n<\/div>\n<\/div>\n<\/div>\n<\/div>\n<div class=\"brz-row__container brz-css-lkrcc\" data-custom-id=\"ecygyhbsltoqrhfwzoqgbvaehqqzlnmbdsrd\">\n<div class=\"brz-bg overflow-hidden absolute top-0 left-0 w-full h-full\"><\/div>\n<div class=\"brz-row brz-css-wnueu brz-css-fmswh\">\n<div class=\"brz-columns brz-css-vrocr brz-css-cnzee\" data-custom-id=\"gckibptdoswryujqjyklavzuvemefkkyiqfk\">\n<div class=\"brz-bg overflow-hidden absolute top-0 left-0 w-full h-full\"><\/div>\n<div class=\"brz-column__items brz-css-luuio\">\n<div class=\"brz-css-isoda brz-wrapper\">\n<div class=\"brz-rich-text brz-rich-text__custom brz-css-faxaz\" data-custom-id=\"oaygzplxnsegfkbymnsnbdtwfyfaemrvcrws\">\n<div>\n<p class=\"brz-css-bubnc\" data-uniq-id=\"qiavr\" data-generated-css=\"brz-css-ehqzv\"><span class=\"brz-cp-color7\">Administratorem Twoich danych jest <\/span><strong class=\"brz-cp-color7\">Zak\u0142ad Elektromechaniki D\u017awigowej Petelski sp\u00f3\u0142ka cywilna<\/strong><span class=\"brz-cp-color7\"> z siedzib\u0105 w <\/span><strong class=\"brz-cp-color7\">Mrozy Wielkie, ul. Ja\u015bminowa 10, 19-300 E\u0142k<\/strong><span class=\"brz-cp-color7\">, wpisanej do Centralnej Ewidencji i Informacji o Dzia\u0142alno\u015bci Gospodarczej, pod numerem NIP: <\/span><strong class=\"brz-cp-color7\">848 186 12 33<\/strong><span class=\"brz-cp-color7\">, REGON: <\/span><strong class=\"brz-cp-color7\">281535789<\/strong><span class=\"brz-cp-color7\">. W sprawach zwi\u0105zanych z przetwarzaniem i ochron\u0105 danych osobowych wyznaczony zosta\u0142 punkt kontaktowy w postaci adresu e-mail: <\/span><strong class=\"brz-cp-color7\">biuro@windypetelski.pl<\/strong><span class=\"brz-cp-color7\">. Kontakt we wskazanych sprawach mo\u017cliwy jest tak\u017ce w postaci tradycyjnej korespondencji na adres administratora z dopiskiem: \u201eOchrona Danych Osobowych\u201d oraz osobi\u015bcie pod adresem <\/span><strong class=\"brz-cp-color7\">Mrozy Wielkie, ul. Ja\u015bminowa 10, 19-300 E\u0142k<\/strong><span class=\"brz-cp-color7\">.<\/span><\/p>\n<p class=\"brz-css-acwhi\" data-uniq-id=\"mfxye\" data-generated-css=\"brz-css-zigcv\"><\/p>\n<p class=\"brz-css-eaaaf\" data-uniq-id=\"nyoyl\" data-generated-css=\"brz-css-zsinl\"><span class=\"brz-cp-color7\">Podane przez Ciebie dane osobowe b\u0119d\u0105 przetwarzane w nast\u0119puj\u0105cych celach:<\/span><\/p>\n<ul>\n<li data-uniq-id=\"xdaql\" data-generated-css=\"brz-css-nbfeh\" class=\"brz-css-kkpfs\"><span class=\"brz-cp-color7\">wykonania umowy kupna-sprzeda\u017cy b\u0105d\u017a us\u0142ugi \u2013 przetwarzanie jest niezb\u0119dne do wykonania umowy, a\u017c do czasu zako\u0144czenia umowy,<\/span><\/li>\n<li class=\"brz-css-jzmqq\" data-uniq-id=\"odfvl\" data-generated-css=\"brz-css-jwcmn\"><span class=\"brz-cp-color7\">marketingu bezpo\u015bredniego \u2013 do czasu zako\u0144czenia umowy lub z\u0142o\u017cenia sprzeciwu,<\/span><\/li>\n<li class=\"brz-css-bkivx\" data-uniq-id=\"aexgn\" data-generated-css=\"brz-css-fgchm\"><span class=\"brz-cp-color7\">finansowo-ksi\u0119gowych \u2013 przetwarzanie jest niezb\u0119dne do wykonania przepis\u00f3w prawa podatkowego,<\/span><\/li>\n<li class=\"brz-css-meyyc\" data-uniq-id=\"dclzg\" data-generated-css=\"brz-css-rkjft\"><span class=\"brz-cp-color7\">obrony przed roszczeniami i dochodzenia roszcze\u0144 \u2013 do czasu wyga\u015bni\u0119cia okresu roszcze\u0144 zgodnie z przepisami Kodeksu Cywilnego,<\/span><\/li>\n<li class=\"brz-css-urqpr\" data-uniq-id=\"nhtbb\" data-generated-css=\"brz-css-lvhgy\"><span class=\"brz-cp-color7\">prowadzenia proces\u00f3w reklamacyjnych.<\/span><\/li>\n<\/ul>\n<p class=\"brz-css-ejjlv\" data-uniq-id=\"nveoi\" data-generated-css=\"brz-css-ioual\"><\/p>\n<p class=\"brz-css-eziql\" data-uniq-id=\"neeet\" data-generated-css=\"brz-css-ovoke\"><span class=\"brz-cp-color7\">Posiadasz prawo dost\u0119pu do tre\u015bci swoich danych oraz prawo ich sprostowania, usuni\u0119cia, ograniczenia przetwarzania, prawo do przenoszenia danych, prawo wniesienia sprzeciwu (np. je\u015bli dane s\u0105 przetwarzane na podstawie Twojej zgody lub w celach marketingowych czy udost\u0119pniania Twoich danych); posiadasz prawo do cofni\u0119cia zgody w dowolnym momencie. W celu cofni\u0119cia zgody mo\u017cesz skontaktowa\u0107 si\u0119 z naszym biurem <\/span><strong class=\"brz-cp-color7\">Mrozy Wielkie, ul. Ja\u015bminowa 10, 19-300 E\u0142k<\/strong><span class=\"brz-cp-color7\"> lub wysy\u0142aj\u0105c wiadomo\u015b\u0107 e-mail na adres: <\/span><strong class=\"brz-cp-color7\">biuro@windypetelski.pl<\/strong><span class=\"brz-cp-color7\">. Masz r\u00f3wnie\u017c prawo wniesienia skargi do organu nadzorczego \u2013 Prezesa Urz\u0119du Ochrony Danych Osobowych.<\/span><\/p>\n<p class=\"brz-css-akeoi\" data-uniq-id=\"awpol\" data-generated-css=\"brz-css-dqlrc\"><\/p>\n<p class=\"brz-css-dnsvg\" data-uniq-id=\"flazj\" data-generated-css=\"brz-css-pymdx\"><span class=\"brz-cp-color7\">Podanie przez Ciebie danych osobowych jest w pe\u0142ni dobrowolne. Niepodanie danych osobowych b\u0119dzie skutkowa\u0142o niemo\u017cliwo\u015bci\u0105 pe\u0142nego wykonania zobowi\u0105za\u0144, przyj\u0119tych przez <\/span><strong class=\"brz-cp-color7\">Zak\u0142ad Elektromechaniki D\u017awigowej Petelski sp\u00f3\u0142ka cywilna<\/strong><span class=\"brz-cp-color7\"> w ramach zawieranych z Tob\u0105 um\u00f3w.<\/span><\/p>\n<\/div>\n<\/div>\n<\/div>\n<div class=\"brz-css-isoda brz-css-lztee brz-css-oqvxc brz-wrapper\">\n<div class=\"brz-spacer brz-css-kuwkq brz-css-pnalq\"><\/div>\n<\/div>\n<\/div>\n<\/div>\n<\/div>\n<\/div>\n<\/div>\n<\/div>\n<\/section>\n<section data-uid=\"hipwkwtcfhtoozbsxipskcjgznboyrmujgqs\" id=\"hipwkwtcfhtoozbsxipskcjgznboyrmujgqs\" class=\"brz-section brz-css-kemxa\">\n<div class=\"brz-section__content brz-section--boxed brz-css-wgrut brz-css-bayvm\" data-custom-id=\"oejweauvljnqmkseeizjxibsnsuvupefrhye\">\n<div class=\"brz-bg overflow-hidden absolute top-0 left-0 w-full h-full\">\n<div class=\"brz-bg-color absolute top-0 left-0 w-full h-full\"><\/div>\n<\/div>\n<div class=\"brz-container brz-css-rdbpc\">\n<div class=\"brz-row__container brz-css-lkrcc\" data-custom-id=\"pewwfzcqyputwkfnvuzclljopiutdoooiwyj\">\n<div class=\"brz-bg overflow-hidden absolute top-0 left-0 w-full h-full\"><\/div>\n<div class=\"brz-row brz-css-wnueu brz-css-fmswh\">\n<div class=\"brz-columns brz-css-vrocr brz-css-rcunm\" data-custom-id=\"fhvwvcokvecsptqiujsqkspikqfsrqunuxdz\">\n<div class=\"brz-bg overflow-hidden absolute top-0 left-0 w-full h-full\">\n<div class=\"brz-bg-color absolute top-0 left-0 w-full h-full\"><\/div>\n<\/div>\n<div class=\"brz-column__items brz-css-luuio brz-css-vmlqr\">\n<div class=\"brz-css-isoda brz-wrapper\">\n<div class=\"brz-rich-text brz-rich-text__custom brz-css-faxaz\" data-custom-id=\"uczyuqzzrwmykvztborhyixgjenqubvrseaq\">\n<div>\n<h3 data-uniq-id=\"eytkc\" data-generated-css=\"brz-css-slelu\" class=\"brz-css-ljaqy\"><span class=\"brz-cp-color8\">Potrzebujesz pomocy z wind\u0105?<\/span><\/h3>\n<\/div>\n<\/div>\n<\/div>\n<div class=\"brz-css-isoda brz-wrapper\">\n<div class=\"brz-rich-text brz-rich-text__custom brz-css-faxaz\" data-custom-id=\"kjryzdytvmfdwtpxnkzchxdipxbmcnbhcfnu\">\n<div>\n<h2 data-generated-css=\"brz-css-xwaxy\" class=\"brz-css-atuee\"><span class=\"brz-cp-color8\">POGOTOWIE 24H<\/span><\/h2>\n<\/div>\n<\/div>\n<\/div>\n<\/div>\n<\/div>\n<div class=\"brz-columns brz-css-vrocr brz-css-zzgaf\" data-custom-id=\"vrmxlvkddopxmpjlbkccfqbrioinxhwuywub\">\n<div class=\"brz-bg overflow-hidden absolute top-0 left-0 w-full h-full\">\n<div class=\"brz-bg-color absolute top-0 left-0 w-full h-full\"><\/div>\n<\/div>\n<div class=\"brz-column__items brz-css-luuio brz-css-bkhtx\">\n<div class=\"brz-css-isoda brz-wrapper\">\n<div class=\"brz-rich-text brz-rich-text__custom brz-css-faxaz\" data-custom-id=\"anhwzmsjjmahtizegcstlkeycatezflnbmli\">\n<div>\n<h2 class=\"brz-css-bnnis\" data-uniq-id=\"qyrzo\" data-generated-css=\"brz-css-kikty\"><span class=\"brz-cp-color8\">502 646 646<\/span><\/h2>\n<\/div>\n<\/div>\n<\/div>\n<\/div>\n<\/div>\n<\/div>\n<\/div>\n<\/div>\n<\/div>\n<\/section>\n<section data-uid=\"eladexzwuvanaczkojrtjryiubhdhhxhsjzt\" id=\"eladexzwuvanaczkojrtjryiubhdhhxhsjzt\" class=\"brz-section brz-css-kemxa\">\n<div class=\"brz-section__content brz-section--boxed brz-css-wgrut brz-css-jsgnl\" data-custom-id=\"hbuboizxkesnpitjqskgfechunyzgtlekksf\">\n<div class=\"brz-bg overflow-hidden absolute top-0 left-0 w-full h-full\">\n<div class=\"brz-bg-image absolute top-0 left-0 w-full h-full bg-no-repeat bg-cover\"><\/div>\n<div class=\"brz-bg-color absolute top-0 left-0 w-full h-full\"><\/div>\n<\/div>\n<div class=\"brz-container brz-css-rdbpc\">\n<div class=\"brz-wrapper-clone brz-css-wuwnz\">\n<div class=\"brz-d-xs-flex brz-flex-xs-wrap brz-css-lsdtx brz-css-qblij\">\n<div class=\"brz-wrapper-clone__item brz-css-mrwzq brz-css-lrbfd\" id=\"txseysekplryyzflsyvuunlizcuehylmioqz\"><a class=\"brz-a brz-btn brz-css-dezgl brz-css-wlavd\" href=\"..\/kontakt\/\" data-brz-link-type=\"external\" id data-custom-id=\"txseysekplryyzflsyvuunlizcuehylmioqz\"><span class=\"brz-span brz-text__editor\">KONTAKT OD NAS<\/span><\/a><\/div>\n<div class=\"brz-wrapper-clone__item brz-css-mrwzq brz-css-lrbfd\" id=\"zykfptxfsaghdeqxnzxnjhwzfefowljndrey\"><a class=\"brz-a brz-btn brz-css-dezgl brz-css-lgrzc\" href=\"..\/realizacje\/\" data-brz-link-type=\"external\" id data-custom-id=\"zykfptxfsaghdeqxnzxnjhwzfefowljndrey\"><span class=\"brz-span brz-text__editor\">ZOBACZ NASZE REALIZACJE<\/span><\/a><\/div>\n<\/div>\n<\/div>\n<div class=\"brz-css-isoda brz-css-lztee brz-css-nhfcd brz-wrapper\">\n<div class=\"brz-spacer brz-css-kuwkq brz-css-qonrr\"><\/div>\n<\/div>\n<\/div>\n<\/div>\n<\/section>\n<\/div>\n<p><!-- version:1708342169 --><\/p>\n","protected":false},"excerpt":{"rendered":"<p>RODO Rozporz\u0105dzenie Og\u00f3lne o Ochronie Danych Osobowych Rodo Rozporz\u0105dzenie Og\u00f3lne o Ochronie Danych Osobowych Administratorem Twoich danych jest Zak\u0142ad Elektromechaniki D\u017awigowej Petelski sp\u00f3\u0142ka cywilna z siedzib\u0105 w Mrozy Wielkie, ul. Ja\u015bminowa 10, 19-300 E\u0142k, wpisanej do Centralnej Ewidencji i Informacji o Dzia\u0142alno\u015bci Gospodarczej, pod numerem NIP: 848 186 12 33, REGON: 281535789. W sprawach zwi\u0105zanych z przetwarzaniem i ochron\u0105 danych osobowych wyznaczony zosta\u0142 punkt kontaktowy w postaci adresu e-mail: biuro@windypetelski.pl. Kontakt we wskazanych sprawach mo\u017cliwy jest tak\u017ce w postaci tradycyjnej korespondencji na adres administratora z dopiskiem: \u201eOchrona Danych Osobowych\u201d oraz osobi\u015bcie pod adresem Mrozy Wielkie, ul. Ja\u015bminowa 10, 19-300 E\u0142k.\u2026<\/p>\n","protected":false},"author":1,"featured_media":0,"parent":0,"menu_order":0,"comment_status":"closed","ping_status":"closed","template":"","meta":{"footnotes":""},"class_list":["post-2000","page","type-page","status-publish","hentry"],"blocksy_meta":{"page_title_panel":"","has_hero_section":"disabled","5c2b5463970accc0befbedc4dd7d5ca6":"","hero_section":"type-1","hero_elements":[{"id":"custom_title","enabled":true,"heading_tag":"h1","title":"Home"},{"id":"custom_description","enabled":true,"description_visibility":{"desktop":true,"tablet":true,"mobile":false}},{"id":"custom_meta","enabled":false,"meta_elements":[{"id":"author","enabled":true,"label":"By","has_author_avatar":"yes","avatar_size":25},{"id":"post_date","enabled":true,"label":"On","date_format_source":"default","date_format":"M j, Y"},{"id":"comments","enabled":true}],"page_meta_elements":{"joined":true,"articles_count":true,"comments":true}},{"id":"breadcrumbs","enabled":false}],"26f75b970aa79e3c28002b2ea5095718":"","hero_alignment1":"left","hero_alignment2":"center","hero_vertical_alignment":"center","6771f2f34cc3e9ad28a5ac27daa3cebc":"","hero_structure":"narrow","44987c49ca541051e359db315e4fe525":"","page_title_bg_type":"featured_image","custom_hero_background":{"attachment_id":null},"parallax":{"desktop":false,"tablet":false,"mobile":false},"4787faee7f49c6f172937d521043be7e":"","hero_height":"250px","pageTitleFont":{"family":"Default","variation":"Default","size":{"desktop":"32px","tablet":"30px","mobile":"25px"},"line-height":"CT_CSS_SKIP_RULE","letter-spacing":"CT_CSS_SKIP_RULE","text-transform":"CT_CSS_SKIP_RULE","text-decoration":"CT_CSS_SKIP_RULE"},"pageTitleFontColor":{"default":{"color":"CT_CSS_SKIP_RULEDEFAULT"}},"pageMetaFont":{"family":"Default","variation":"n6","size":{"desktop":"12px","tablet":"12px","mobile":"12px"},"line-height":"1.3","letter-spacing":"CT_CSS_SKIP_RULE","text-transform":"uppercase","text-decoration":"CT_CSS_SKIP_RULE"},"pageMetaFontColor":{"default":{"color":"CT_CSS_SKIP_RULEDEFAULT"},"hover":{"color":"CT_CSS_SKIP_RULEDEFAULT"}},"pageExcerptFont":{"family":"Default","variation":"Default","size":"CT_CSS_SKIP_RULE","line-height":"CT_CSS_SKIP_RULE","letter-spacing":"CT_CSS_SKIP_RULE","text-transform":"CT_CSS_SKIP_RULE","text-decoration":"CT_CSS_SKIP_RULE"},"pageExcerptColor":{"default":{"color":"CT_CSS_SKIP_RULEDEFAULT"}},"breadcrumbsFont":{"family":"Default","variation":"n6","size":"12px","line-height":"CT_CSS_SKIP_RULE","letter-spacing":"CT_CSS_SKIP_RULE","text-transform":"uppercase","text-decoration":"CT_CSS_SKIP_RULE"},"breadcrumbsFontColor":{"default":{"color":"CT_CSS_SKIP_RULEDEFAULT"},"initial":{"color":"CT_CSS_SKIP_RULEDEFAULT"},"hover":{"color":"CT_CSS_SKIP_RULEDEFAULT"}},"pageTitleOverlay":{"default":{"color":"rgba(41, 51, 60, 0.2)"}},"pageTitleBackground":{"background_type":"color","background_pattern":"type-1","background_image":{"attachment_id":null,"x":0,"y":0},"background_repeat":"no-repeat","background_size":"auto","background_attachment":"scroll","patternColor":{"default":{"color":"#e5e7ea"}},"backgroundColor":{"default":{"color":"#EDEFF2"}}},"6c91c1678000458598b8899793389c0d":"","page_structure_type":"default","content_style":"inherit","vertical_spacing_source":"custom","content_area_spacing":"none","background":{"background_type":"color","background_pattern":"type-1","background_image":{"attachment_id":null,"x":0,"y":0},"background_repeat":"no-repeat","background_size":"auto","background_attachment":"scroll","patternColor":{"default":{"color":"#e5e7ea"}},"backgroundColor":{"default":{"color":"CT_CSS_SKIP_RULE"}}},"content_background":{"background_type":"color","background_pattern":"type-1","background_image":{"attachment_id":null,"x":0,"y":0},"background_repeat":"no-repeat","background_size":"auto","background_attachment":"scroll","patternColor":{"default":{"color":"#e5e7ea"}},"backgroundColor":{"default":{"color":"#ffffff"}}},"content_boxed_spacing":{"desktop":"40px","tablet":"35px","mobile":"20px"},"content_boxed_radius":{"top":"3px","bottom":"3px","left":"3px","right":"3px","linked":true},"content_boxed_shadow":{"blur":18,"spread":-6,"v_offset":12,"h_offset":0,"inset":false,"enable":true,"color":{"color":"rgba(34, 56, 101, 0.04)"}},"21e8067b341dffa35d83b1b83fa4ba17":"","disable_featured_image":"no","disable_header":"no","disable_footer":"no","styles_descriptor":{"styles":{"desktop":"","tablet":"","mobile":""},"google_fonts":[],"version":5}},"_links":{"self":[{"href":"https:\/\/windypetelski.pl\/index.php\/wp-json\/wp\/v2\/pages\/2000","targetHints":{"allow":["GET"]}}],"collection":[{"href":"https:\/\/windypetelski.pl\/index.php\/wp-json\/wp\/v2\/pages"}],"about":[{"href":"https:\/\/windypetelski.pl\/index.php\/wp-json\/wp\/v2\/types\/page"}],"author":[{"embeddable":true,"href":"https:\/\/windypetelski.pl\/index.php\/wp-json\/wp\/v2\/users\/1"}],"replies":[{"embeddable":true,"href":"https:\/\/windypetelski.pl\/index.php\/wp-json\/wp\/v2\/comments?post=2000"}],"version-history":[{"count":7,"href":"https:\/\/windypetelski.pl\/index.php\/wp-json\/wp\/v2\/pages\/2000\/revisions"}],"predecessor-version":[{"id":2048,"href":"https:\/\/windypetelski.pl\/index.php\/wp-json\/wp\/v2\/pages\/2000\/revisions\/2048"}],"wp:attachment":[{"href":"https:\/\/windypetelski.pl\/index.php\/wp-json\/wp\/v2\/media?parent=2000"}],"curies":[{"name":"wp","href":"https:\/\/api.w.org\/{rel}","templated":true}]}}